, -2*b = b + 3*o - 36. Let h(g) = -g**3 + 15*g**2 - 21*g - 14. Calculate the remainder when h(b) is divided by 28.
26
Let l = 11 + -15. Suppose -4*b - 8 = 0, -3 = -2*x + 4*b + 5. What is the remainder when 14 is divided by -6*(l/3 + x)?
6
Suppose 0 = a - 5*a + 8. Let i be a/(-12) - (-114)/36. Let d(h) = h**3 - h - 1. Calculate the remainder when 66 is divided by d(i).
20
Let a(p) = -15 + p - p - 2*p + 0. Let o(d) = 3*d + 16. Let v(z) = 7*a(z) + 6*o(z). Calculate the remainder when 44 is divided by v(8).
21
What is the remainder when (-8)/(-4 - 0)*(-7683)/(-26) is divided by 33?
30
Let u(o) = -o**3 + 9*o**2 + 12*o - 5. Suppose -3*y = 12 - 3. Let l be (-20)/(1 + -6 - y). Calculate the remainder when u(l) is divided by 9.
6
What is the remainder when 238 is divided by (25/5 - 6) + (-25)/(-1)?
22
Let p(z) = 4*z**3 - 3*z**3 - 12*z - 16*z + 10*z**2 + 13 + 29*z. What is the remainder when p(-8) is divided by 17?
14
Let i(y) = 24*y**3 + y**2 - y + 1. What is the remainder when ((-475)/(-20))/((-2)/(-8)) is divided by i(1)?
20
Let h be -1 + 1 + -33 + 0. Let f = -10 - h. What is the remainder when f is divided by 8?
7
Let z = -5079 - -7157. Calculate the remainder when z is divided by 160.
158
Let v be -1 - -4 - -1*(3 - 4). Suppose 3*n - 8 = 1. Suppose -n*t + 45 = v*t. What is the remainder when 35 is divided by t?
8
Suppose -3*a = 3, 26*t - 24*t - 30 = 2*a. What is the remainder when t is divided by 4?
2
Suppose 1502*a + 2312 = 1519*a. What is the remainder when a is divided by 71?
65
Suppose 0 = -10*l + 14*l - w - 354, 4*w = 4*l - 360. What is the remainder when l is divided by 76?
12
Let n(g) = -36*g + 8. Let d be n(-2). Suppose -d = -5*x + 15. Let w = -6 + 61. What is the remainder when w is divided by x?
17
Suppose 3*d = -0*d + s + 84, 4*d - 112 = 4*s. Suppose 72 + d = -4*g. Calculate the remainder when 27 is divided by (-2 - 16/(-10))*g.
7
Let f = 50 - 51. Calculate the remainder when 74 is divided by f + 3 + 1 - -16.
17
Suppose -27*s = -z - 23*s + 1285, 0 = -s - 1. What is the remainder when z is divided by 56?
49
What is the remainder when 280 is divided by (-4)/(-10)*((-1805)/(-10) - -2)?
61
Let k(t) = -t**3 - 7*t**2 - 8*t - 6. Let y(p) = -p**2 + 7*p - 2. Calculate the remainder when k(-6) is divided by y(6).
2
Let c(w) = -w**3 + 5*w**2 + 3*w - 4. Suppose -2*n - 2*n + 4*k = -24, 0 = 3*n + 4*k - 11. What is the remainder when 20 is divided by c(n)?
9
What is the remainder when (-496)/8*15/(-10) is divided by 48?
45
Let d(i) = 2*i**3 - 6*i**2 + i - 2. Let x be d(4). Let w = -19 + x. What is the remainder when w is divided by 8?
7
Let m be (18/6)/((-1)/(-5)). Suppose 0 = -3*f - m, 4*k = 5*f - 2*f + 443. What is the remainder when k is divided by 37?
33
Let t(j) = -j**2 - 11*j - 10. Let q = -9 - -1. What is the remainder when 25 is divided by t(q)?
11
Let c = -332 - -451. Calculate the remainder when c is divided by 24.
23
Let o(i) = 33*i - 6. Let v(j) = -1. Let c(d) = -2. Let s(m) = 2*c(m) - 5*v(m). Let f(r) = -o(r) - 5*s(r). Calculate the remainder when 65 is divided by f(-1).
31
Let n(l) = -l**3 - 5*l**2 + 5*l + 6. Let a be n(-6). Calculate the remainder when 7 is divided by 2*(-8)/a*-3.
3
Calculate the remainder when 191 is divided by 9888/168 + (-1)/(-7).
14
Suppose -3*m - 4*n + 1 = n, -12 = 3*n. Calculate the remainder when 28 is divided by m.
0
Suppose 0 = 2*w, -5*j - 5*w + 40 = -35. Calculate the remainder when 176 is divided by j.
11
Let q = 94 - 75. What is the remainder when 261 is divided by q?
14
Let s(j) = -8*j + 128. What is the remainder when s(8) is divided by 35?
29
Suppose -39*d = -30*d - 234. Calculate the remainder when d is divided by (1*14)/(-2)*-1.
5
Suppose -4*j = 3*p - 4*p - 23, -3*p + 3 = 0. Let c(b) = b**3 + 2*b**2 - 3*b + 1. Calculate the remainder when c(2) is divided by j.
5
Suppose 4*p = 3*y + 10, 2*y = 2*p - 5*p - 18. Calculate the remainder when (-105)/y - 1/(-2) is divided by (-62)/(-6) - 1/3.
8
Let u = -264 - -284. Suppose -3*q - 3*r + 66 = -45, 0 = -4*q + r + 143. Suppose -4*m + q - 8 = -p, 10 = -m - 4*p. What is the remainder when u is divided by m?
2
Let l(f) = -7*f + 91. What is the remainder when l(4) is divided by 32?
31
Let g be 2/((-28)/(-6)) + 412/(-14). Let m be ((-2)/(-6))/(4/36). Calculate the remainder when 76 is divided by m/(-2)*2 - g.
24
Suppose -3*v + 5*q = -58, -5*v = 5*q - 76 - 74. What is the remainder when 178 is divided by v?
22
Suppose -309 = -3*u - 2*k, 0 = 2*u - 0*k - k - 206. Suppose -27 = -2*r - 4*l + l, 5*r - 110 = l. Calculate the remainder when u is divided by r.
19
Let m = 29 + -19. Let v = m - 6. Suppose f = -v*f - 2*q + 255, -58 = -f + q. What is the remainder when f is divided by 14?
11
Suppose 4*t = 4 + 24. Let i = t + 14. Calculate the remainder when 5/2*(166/5)/1 is divided by i.
20
Suppose 3*d + 3*o = 15, 7*d = 3*d + 2*o - 10. Suppose d = -3*g - 9 + 543. What is the remainder when g is divided by 47?
37
Let h = 23 - 12. Let j(d) = d**3 + 13*d**2 - 2*d + 4. What is the remainder when j(-13) is divided by h?
8
Let f = 163 + -139. Suppose -f*c + 32 = -16*c. What is the remainder when 17 is divided by c?
1
Let s = -348 - -373. What is the remainder when s is divided by ((-1)/((-2)/(-14)))/(-1)?
4
What is the remainder when 163 is divided by (-4 + 1)/((-2)/22)?
31
Let o = -8 + 26. Let v = -55 - -33. Let z = 74 + v. What is the remainder when z is divided by o?
16
Let g(c) = -c**2 - 21*c - 61. What is the remainder when 136 is divided by g(-13)?
7
Let n = -56 - -176. Let i = 174 - n. What is the remainder when i is divided by 28?
26
Let y be 23/(6/(-168)*14/(-4)). Let f = y - 66. Let x(z) = z**2 - 9. What is the remainder when f is divided by x(7)?
38
Let t = -20 - -24. Suppose 3*v - i = 140, 2*v + t*i = 2*i + 80. What is the remainder when 88 is divided by v?
43
Let h = 124 + 15. Suppose 31 = 5*a - h. What is the remainder when 100 is divided by a?
32
Let d(s) = 2*s**2 + 14*s - 281. Calculate the remainder when 305 is divided by d(-18).
75
Suppose 125 = 2*u - 245. Suppose 5*k + 0*k - u = 0. Calculate the remainder when k is divided by (-53)/(-4) - 1/4.
11
Suppose -25 = -5*h, -25 = -3*n + n - 3*h. Suppose 0 = -n*f + 614 + 466. Calculate the remainder when f is divided by 55.
51
Let v = -469 + 496. What is the remainder when 80 is divided by v?
26
Suppose -t - 3 = -2*q, -2*q - 15 + 43 = 4*t. Let x be (t + -3)/(2/(-13)). Let l = x - -27. What is the remainder when 27 is divided by l?
13
Suppose 0 = 5*b - 1 - 9. Suppose 0 = -b*m - 7 - 19. What is the remainder when 46 is divided by 1/((-1)/m) + -1?
10
Let d(k) = 2*k - 6. Let a be d(5). Suppose 5*o - a*f + f = 19, -4*o = -3*f - 14. Calculate the remainder when o is divided by (-4)/(-12)*(8 - -1).
2
Suppose h + 2*h + 153 = 5*v, v - 21 = 3*h. Let q = 45 + -36. What is the remainder when v is divided by q?
6
Suppose 2*r = 0, 2*t = 4*r + 36 - 8. Calculate the remainder when 164 is divided by t.
10
Let i(d) = 17 - 2*d**3 - 65*d + d**3 + 65*d + 3*d**2. Calculate the remainder when i(0) is divided by 7.
3
Suppose -i - 6 = 2*i, 4*g + 4*i + 48 = 0. What is the remainder when (15/g)/(6/(-136)) is divided by 25 + (-1 - 1) - 125/25?
16
Let w(y) = -13*y + 797. Calculate the remainder when w(53) is divided by 62.
46
Let s be -1*(3 + 9/(-3)). Suppose -4*t = -2*o + 126, s*t + 2*t = 8. Let a(u) = u**3 + 8*u**2 + 8*u. What is the remainder when o is divided by a(-6)?
23
Suppose s - 2*m = -2, 0 = -3*s + 4*m - m + 9. Let f = s + -3. Suppose l - 2 = g - f, 0 = -g + 3*l - 3. Calculate the remainder when 17 is divided by g.
5
Suppose -2*a - 5 = -13. Suppose -a*n = f - 3*f + 32, -5*n - 19 = -f. Calculate the remainder when 53 is divided by f.
11
Suppose -46*i + 1060 = -44*i. Calculate the remainder when i is divided by 76.
74
Suppose -91*b + 63*b + 4200 = 0. Calculate the remainder when b is divided by 25.
0
Let f = -386 - -189. Let d = 376 + f. Let l = -97 + d. Calculate the remainder when l is divided by 28.
26
Suppose 32*d + 8 = 34*d. Suppose 44 = d*x - 20. Calculate the remainder when x is divided by 6.
4
Let c be (-10)/(-4)*22/11. Suppose c*s - 4*s - 62 = 0. Suppose g = -g + s. Calculate the remainder when g is divided by 16.
15
Let x = -2 - -74. What is the remainder when x is divided by 2/(-5) + (-231)/(-15)?
12
Let r = 125 + -109. What is the rem